by 61.
60
Calculate the remainder when 286 is divided by 7.
6
What is the remainder when 1268 is divided by 41?
38
Calculate the remainder when 975 is divided by 140.
135
What is the remainder when 131 is divided by 77?
54
Calculate the remainder when 132 is divided by 23.
17
What is the remainder when 652 is divided by 218?
216
What is the remainder when 200 is divided by 58?
26
Calculate the remainder when 163 is divided by 29.
18
Calculate the remainder when 4965 is divided by 72.
69
Calculate the remainder when 7089 is divided by 18.
15
Calculate the remainder when 109 is divided by 52.
5
What is the remainder when 2934 is divided by 211?
191
What is the remainder when 17 is divided by 3?
2
Calculate the remainder when 149 is divided by 87.
62
What is the remainder when 220 is divided by 77?
66
What is the remainder when 2107 is divided by 21?
7
Calculate the remainder when 128 is divided by 66.
62
Calculate the remainder when 440 is divided by 86.
10
What is the remainder when 6251 is divided by 3121?
9
Calculate the remainder when 2823 is divided by 113.
111
Calculate the remainder when 3728 is divided by 83.
76
What is the remainder when 89 is divided by 64?
25
Calculate the remainder when 3024 is divided by 89.
87
Calculate the remainder when 809 is divided by 30.
29
Calculate the remainder when 7751 is divided by 24.
23
What is the remainder when 180 is divided by 67?
46
What is the remainder when 61 is divided by 47?
14
What is the remainder when 8566 is divided by 13?
12
What is the remainder when 642 is divided by 14?
12
Calculate the remainder when 285 is divided by 17.
13
Calculate the remainder when 17091 is divided by 11.
8
Calculate the remainder when 675 is divided by 52.
51
What is the remainder when 869 is divided by 124?
1
Calculate the remainder when 60 is divided by 11.
5
What is the remainder when 195 is divided by 33?
30
What is the remainder when 2042 is divided by 22?
18
Calculate the remainder when 267 is divided by 266.
1
Calculate the remainder when 1968 is divided by 90.
78
What is the remainder when 138 is divided by 24?
18
Calculate the remainder when 616 is divided by 254.
108
What is the remainder when 217 is divided by 36?
1
What is the remainder when 455 is divided by 442?
13
What is the remainder when 119099 is divided by 25?
24
Calculate the remainder when 1892 is divided by 24.
20
What is the remainder when 578 is divided by 11?
6
What is the remainder when 201 is divided by 71?
59
What is the remainder when 642 is divided by 197?
51
Calculate the remainder when 1216 is divided by 4.
0
Calculate the remainder when 209 is divided by 53.
50
What is the remainder when 193 is divided by 28?
25
Calculate the remainder when 622 is divided by 190.
52
What is the remainder when 30 is divided by 18?
12
Calculate the remainder when 78 is divided by 32.
14
Calculate the remainder when 304 is divided by 73.
12
Calculate the remainder when 206 is divided by 16.
14
What is the remainder when 505 is divided by 11?
10
Calculate the remainder when 573 is divided by 24.
21
What is the remainder when 11580 is divided by 37?
36
Calculate the remainder when 501 is divided by 84.
81
What is the remainder when 6790 is divided by 1129?
16
Calculate the remainder when 275 is divided by 158.
117
What is the remainder when 1446 is divided by 723?
0
What is the remainder when 102 is divided by 11?
3
What is the remainder when 87 is divided by 34?
19
Calculate the remainder when 580 is divided by 117.
112
Calculate the remainder when 280 is divided by 19.
14
Calculate the remainder when 471 is divided by 168.
135
What is the remainder when 13282 is divided by 82?
80
What is the remainder when 575 is divided by 34?
31
Calculate the remainder when 174 is divided by 26.
18
What is the remainder when 264 is divided by 68?
60
What is the remainder when 409 is divided by 18?
13
Calculate the remainder when 338 is divided by 88.
74
What is the remainder when 753 is divided by 58?
57
Calculate the remainder when 3404 is divided by 13.
11
Calculate the remainder when 116 is divided by 53.
10
Calculate the remainder when 81 is divided by 39.
3
Calculate the remainder when 779 is divided by 16.
11
What is the remainder when 203 is divided by 8?
3
What is the remainder when 2058 is divided by 229?
226
Calculate the remainder when 1109 is divided by 30.
29
Calculate the remainder when 3365 is divided by 34.
33
What is the remainder when 4577 is divided by 63?
41
Calculate the remainder when 630 is divided by 143.
58
Calculate the remainder when 310 is divided by 118.
74
Calculate the remainder when 150 is divided by 9.
6
What is the remainder when 162 is divided by 49?
15
What is the remainder when 183 is divided by 48?
39
Calculate the remainder when 93 is divided by 55.
38
What is the remainder when 73 is divided by 65?
8
Calculate the remainder when 515 is divided by 128.
3
What is the remainder when 100 is divided by 26?
22
Calculate the remainder when 3922 is divided by 21.
16
Calculate the remainder when 182 is divided by 13.
0
What is the remainder when 4414 is divided by 47?
43
What is the remainder when 11 is divided by 11?
0
What is the remainder when 577 is divided by 78?
31
Calculate the remainder when 200 is divided by 61.
17
Calculate the remainder when 19117 is divided by 158.
157
Calculate the remainder when 691 is divided by 24.
19
What is the remainder when 328 is divided by 113?
102
What is the remainder when 358 is divided by 176?
6
What is the remainder when 1039 is divided by 220?
159
What is the remainder when 2449 is divided by 43?
41
What is the remainder when 209 is divided by 30?
29
What is the remainder when 440 is divided by 70?
20
What is the remainder when 227 is divided by 86?
55
What is the remainder when 94 is divided by 58?
36
What is the remainder when 635 is divided by 53?
52
What is the remainder when 57 is divided by 43?
14
Calculate the remainder when 7644 is divided by 67.
6
What is the remainder when 2060 is divided by 9?
8
Calculate the remainder when 1384 is divided by 196.
12
Calculate the remainder when 453 is divided by 76.
73
Calculate the remainder when 487 is divided by 108.
55
Calculate the remainder when 100 is divided by 34.
32
Calculate the remainder when 287 is divided by 25.
12
Calculate the remainder when 54 is divided by 42.
12
What is the remainder when 268 is divided by 90?
88
What is the remainder when 111 is divided by 9?
3
What is the remainder when 25 is divided by 16?
9
What is the remainder when 151 is divided by 109?
42
What is the remainder when 331 is divided by 8?
3
What is the remainder when 332 is divided by 67?
64
What is the remainder when 1583 is divided by 22?
21
Calculate the remainder when 1518 is divided by 54.
6
Calculate the remainder when 764 is divided by 96.
92
What is the remainder when 27624 is divided by 17?
16
Calculate the remainder when 201 is divided by 46.
17
What is the remainder when 2398 is divided by 798?
4
Calculate the remainder when 424 is divided by 11.
6
What is the remainder when 64 is divided by 18?
10
Calculate the remainder when 109 is divided by 16.
13
Calculate the remainder when 208 is divided by 53.
49
What is the remainder when 544 is divided by 13?
11
Calculate the remainder when 230 is divided by 38.
2
What is the remainder when 582 is divided by 174?
60
What is the remainder when 26 is divided by 15?
11
What is the remainder when 14352 is divided by 33?
30
What is the remainder when 208 is divided by 9?
1
What is the remainder when 559 is divided by 46?
7
What is the remainder when 278 is divided by 40?
38
What is the remainder when 245 is divided by 19?
17
What is the remainder when 5290 is divided by 36?
34
Calculate the remainder when 107 is divided by 38.
31
Calculate the remainder when 29087 is divided by 36.
35
What is the remainder when 149 is divided by 15?
14
What is the remainder when 83 is divided by 21?
20
What is the remainder when 908 is divided by 24?
20
Calculate the remainder when 1818 is divided by 52.
50
What is the remainder when 495 is divided by 83?
80
What is the remainder when 295 is divided by 34?
23
What is the remainder when 107 is divided by 28?
23
What is the remainder when 3319 is divided by 11?
8
Ca